 u + g = -0*u. Is 22 a factor of n?
True
Suppose 4*a - 3*r + 0*r - 293 = 0, 4*r + 365 = 5*a. Let w = a + -34. Is 12 a factor of w?
False
Suppose -f - 6 + 2 = 0. Let v = 1 - f. Suppose -9 + 139 = v*k. Does 12 divide k?
False
Does 37 divide (-112)/(-20)*3/(-6)*-35?
False
Is 37 a factor of 3/(-9) + 460/12?
False
Let y be (-3417 + -3)/(-4) + 0. Is 19 a factor of (4/(-10))/((-9)/y)?
True
Let n = 251 + -134. Is n a multiple of 11?
False
Does 10 divide ((-5*6)/(-2))/((-9)/(-24))?
True
Suppose -3*v - 16 = -52. Suppose -2*d = d - v. Is 1/4 - (-87)/d a multiple of 11?
True
Suppose 2*h - 70 = -0*h. Is h a multiple of 24?
False
Let o be (-2)/(-5) - 112/(-20). Suppose o*r - 288 = 2*r. Is r a multiple of 21?
False
Let k = 7 - 9. Is 7 a factor of k + 5 + 22 + -5?
False
Let m(v) = -8*v**2 - 2*v. Let g be m(-2). Is (1 + -19)*42/g a multiple of 9?
True
Is (0 - -21)/((-3)/(-2)) a multiple of 5?
False
Let a = -11 + 8. Let u be (-31)/((1 - -1) + -1). Let o = a - u. Is 16 a factor of o?
False
Let c = 3 - 1. Let g be (1 - 15)*(-7)/c. Suppose -g = -2*x - 5*a, 4*x + 0*a - 59 = 3*a. Is x a multiple of 6?
False
Suppose -16 = -3*b - b. Let i(n) = -n**3 + 11*n**2 - 12*n - 5. Let q be i(9). Suppose b*p - 7 = q. Is p a multiple of 5?
False
Suppose -4*m = 2*j - 612, 4*j - 4*m - 954 - 330 = 0. Does 26 divide j?
False
Let q be (1 - 101)*(-3)/(-4). Let l = q - -151. Suppose -93 = -6*o + o + 3*w, -2*w = -4*o + l. Does 13 divide o?
False
Let y(d) = -d**2 + 4*d - 5. Let f be y(3). Is (f + 3)/(1/63) a multiple of 16?
False
Suppose -3*c = -v - 7, -5*v - 3 = -5*c + 22. Let d(k) = -k**3 + 2*k**2 + 2*k + 2. Let l be d(3). Is 16 a factor of v/3*(l - 11)?
True
Suppose p + 4*b - 17 = 0, 5*p - b = 4*b + 10. Let d = -3 + p. Suppose 0*x + 40 = d*x. Is x a multiple of 10?
True
Suppose 0 = -3*w + 5 + 4. Suppose n - 4 = 5*f, 18 - 6 = w*n - 4*f. Suppose 145 = n*u + u. Does 13 divide u?
False
Let d be -5*(-2 + 3 - -5). Is 2 a factor of 4/(-6)*d/4?
False
Let b = 14 - 9. Let m(f) = -f**3 + 8*f**2 - f - 6. Let g(h) = -h**3 + 8*h**2 - h - 7. Let i(s) = b*m(s) - 4*g(s). Does 28 divide i(3)?
False
Suppose -9 = d - 4*d - 3*u, d - 9 = -3*u. Suppose 28 = 3*n + 10. Suppose -3*l + 2*t + 15 = n*t, d = 4*l + 4*t - 24. Is 4 a factor of l?
False
Let s(p) = -p**2 + 22*p + 5. Does 16 divide s(10)?
False
Is 85/10*(5 - 1) a multiple of 17?
True
Let b(i) = -5*i - 4. Let p be b(-3). Suppose -w + p + 20 = 0. Is 27 a factor of w?
False
Suppose -4*y = -3*t - 0*t - 537, 5*y - 680 = 2*t. Is y a multiple of 46?
True
Let h = 15 - -3. Is 9 a factor of h?
True
Does 6 divide -3*(-33 + -3 + -1)?
False
Let c(o) = -o**3 - 11*o**2 + 5*o - 9. Let y be c(-12). Suppose -4*b + y = -h - 118, -4*b + 195 = -3*h. Is b a multiple of 12?
True
Let t = -100 - -151. Is 17 a factor of t?
True
Let l(o) = o**3 - 5*o**2 - o + 7. Let q = 5 + 0. Let j be l(q). Suppose j*v = -5*c + 32, -3*v = -c + 5*c - 27. Is c a multiple of 5?
False
Suppose 0 = -5*w + 3*o + 16, 0*w - 3*o = w - 14. Suppose w = q - 72. Is q a multiple of 20?
False
Let r be 1*3/(-6)*-116. Let m = r + -32. Does 17 divide m?
False
Let g = 32 - 18. Is g a multiple of 3?
False
Let a(x) be the third derivative of -1/2*x**3 + 0*x + 1/3*x**4 + 0 - x**2. Is a(6) a multiple of 18?
False
Is 4 a factor of (6 - 7 - -39) + 2/(-2)?
False
Is 19 a factor of 51*8/6 - 0?
False
Suppose -5*z - 1380 = -10*z. Is z a multiple of 60?
False
Does 22 divide ((-106)/8)/(2/(-16))?
False
Let w(j) = 99*j**2 + 4*j - 3. Is w(1) a multiple of 3?
False
Suppose 3*u + 2*u - 25 = 0. Suppose u*o - o = -r - 1, -28 = -3*o + 5*r. Does 16 divide o/((-60)/(-57) - 1)?
False
Let k = 52 + -49. Let m be (3/(-2))/(2/4). Is m/k*(-6 + 1) a multiple of 5?
True
Suppose -2*h + h + 16 = 0. Does 16 divide h?
True
Let u = -125 + 168. Is u a multiple of 4?
False
Let b(r) = r + 14. Let p = 5 + -16. Is b(p) a multiple of 3?
True
Let q(w) = -w**3 + w - 3. Let n be q(-3). Let x = n - 32. Let m = 5 - x. Does 9 divide m?
False
Suppose 2*a + 69 = 5*w, 2*w + 13 = 3*a + 34. Let j = w - -2. Is 9 a factor of j?
False
Let h(s) = -21*s - 1. Suppose 0 = 4*f + 2*q + 8, 3 + 0 = f - 2*q. Is 6 a factor of h(f)?
False
Let o = 6 - 4. Is (-356)/(-10) + o/5 a multiple of 12?
True
Let u(x) = 21*x**3 + x**2 - 2*x + 1. Is 21 a factor of u(1)?
True
Let i(d) = d**2 - 2*d - 4. Is 10 a factor of i(6)?
True
Let o be 10*(-3)/(0 - 3). Let n = o + 4. Does 7 divide n?
True
Let m = 5 + -4. Does 14 divide 69 - (1 + (m - 2))?
False
Let j = 308 + -202. Does 19 divide j?
False
Is 38 a factor of 5 - 4 - (-4 - 62)?
False
Suppose 4*o - 8*o = 0. Let v = -1 + 4. Let f = v + o. Is 2 a factor of f?
False
Suppose b - 6*b + 723 = m, 3*b - 2*m - 426 = 0. Does 18 divide b?
True
Let c be -1 + -10*36/(-8). Suppose x + c = 2*v - x, 4*x + 52 = 2*v. Is 6 a factor of v?
True
Let d = -3 + 0. Does 2 divide d - (-2 + -2) - -2?
False
Suppose 0 = -3*x - 21 - 3. Does 2 divide -1 - (x + 2) - 0?
False
Suppose -5*r - 7 = -22. Suppose r*p - 6 = 2*p. Is 4 a factor of p?
False
Let t be 2 + -2 + 6/2. Let f(k) = 4*k + t*k + k**2 - 7 + 19. Is f(-8) a multiple of 15?
False
Let o(b) = -16*b + 2. Let m be o(-1). Does 6 divide (m/12)/((-3)/(-28))?
False
Let r(p) be the first derivative of p**4/4 + 2*p**3 - 3*p**2/2 - 9*p - 2. Let o be r(-6). Is 282/o - (-1)/(-3) a multiple of 12?
False
Suppose -6 - 9 = -5*n. Let f(q) = q**2 - 2*q - 3. Let z be f(n). Suppose 6 = 3*c, o - 18 = -5*c - z*c. Is o a multiple of 7?
False
Let n(v) = -v + 32. Is 13 a factor of n(-10)?
False
Is ((-4)/8)/((-105)/104 - -1) a multiple of 8?
False
Let j(i) = 2*i**3 - 3*i**2 + 7*i - 3. Is 8 a factor of j(3)?
False
Suppose 0 = -4*k + 2*a + 6, 0 = 3*a + 15. Let o = k + -5. Does 6 divide (-49)/(-3) - o/9?
False
Let p = 80 - 17. Does 9 divide p?
True
Let h = 19 + -7. Is 42/h + (-1)/2 a multiple of 2?
False
Let u be (-1)/3 + (-158)/(-6). Let d(w) = -w + 10. Let a be d(-5). Let o = u - a. Is o a multiple of 5?
False
Suppose 14 = 2*d - 0*d - u, 0 = 2*d + 3*u - 6. Let y be d/15 - 8/(-5). Suppose 5 = -5*r, 3*r + 103 = 2*n - y*r. Is 19 a factor of n?
False
Let f be (-7 + 5)*33/(-2). Let d = 63 - f. Is 15 a factor of d?
True
Let c = -31 - -176. Does 29 divide c?
True
Suppose 3*m = -2*q + 17 - 394, 5*q = 3*m - 995. Is (-2)/(3 - q/(-64)) a multiple of 9?
False
Let s = -5 - -10. Suppose 18 + 14 = d - 4*r, -5*r = d - s. Is 11 a factor of d?
False
Let n = 4 + -4. Suppose -8*q + 6*q + 48 = n. Is q a multiple of 12?
True
Suppose -x - 4 + 0 = 0, -o + 4*x = -24. Suppose -2*b = 2*b - o. Suppose 0 = b*u + 2*u - 72. Does 18 divide u?
True
Let h(y) = -6 - y + 11 - 2. Let u(w) = -2*w + 9. Let s be u(6). Does 6 divide h(s)?
True
Suppose -i - 2 + 13 = 2*w, 25 = 5*w + 5*i. Is 2 a factor of (12/(-9))/((-2)/w)?
True
Suppose 0 = 11*s - 8*s - 204. Let t = s + -32. Is 9 a factor of t?
True
Suppose -4*d + 64 = -4*x, 2*x = 3*x + d + 26. Does 10 divide (-1 - -31)*(-14)/x?
True
Let j = -17 + 21. Let z = 3 - -1. Suppose 5*u - j*d = 174, z*u - 132 = 5*d - 0*d. Is 19 a factor of u?
True
Let h = -1 - 1. Let s be (-1)/h*10*5. Let k = s + -6. Does 7 divide k?
False
Is (3/7)/(-1) + (-10164)/(-49) a multiple of 23?
True
Let p be 8/20 - (-796)/10. Suppose -p = -2*k + 76. Let v = k + -45. Is 13 a factor of v?
False
Suppose -m = 4 - 12. Let x = m + 23. Does 6 divide x?
False
Suppose -4*l + 180 = 4*f, -5*f + l + 2*l = -201. Does 21 divide f?
True
Let k(l) be the first derivative of 13*l**4/2 + l**2/2 - 4. Is k(1) a multiple of 6?
False
Let i(x) = 2*x**2 + 4*x + 2. Let y = -1 + -1. Let j be i(y). Suppose -n = -2*s - 28, n + 5*s - j*s = 13. Does 11 divide n?
True
Suppose -2*x - 70 = 2*f - 4, -4*x - 68 = 2*f. Let a be 6/(-18) + f/(-6). Suppose 148 = -p + a*p. Is 20 a factor of p?
False
Let m(i) = i**2 - 16*i - 44. Does 3 divide m(22)?
False
Suppose -4*v = -45 - 51. Suppose 79 = 5*c + v. Is 3 a factor of c?
False
Does 32 divide ((-92)/16 + -3)*-8?
False
Suppose -4*c + 2*c + 276 = 0. Suppose 0*v = -3*w - 3*v + c, -130 = -3*w - 5*v. Does 25 divide w?
True
Let q be (1/(-2))/(2/(-4)). Let h = q + 8. Is 2 a factor of h?
False
Let j(o) = -5*o - 11. Suppose 4 = 3*h + 22. Is 13 a factor of j(h)?
False
Let c be -5 + 0/3 + -1. Let w = 22 + c. Is w a multiple of 16?
True
Let o(y) = y**3 - 11*y**2 - 26*y + 21. Does 3 divide o(13)?
True
Let r be 4*3/12*-33. Let h = -52 - r. Let z = h + 37. Is z a multiple 